{"id":37,"date":"2012-02-21T18:02:05","date_gmt":"2012-02-21T17:02:05","guid":{"rendered":"http:\/\/mallnow.de\/wordpress\/?page_id=37"},"modified":"2015-04-21T22:03:29","modified_gmt":"2015-04-21T20:03:29","slug":"natura-2000","status":"publish","type":"page","link":"https:\/\/www.mallnow.de\/?page_id=37","title":{"rendered":"Natura 2000"},"content":{"rendered":"<h2>Fr\u00fchlings- Sinfonie in Goldgelb<\/h2>\n<p>&nbsp;<\/p>\n<p>Jedes Jahr von Ende M\u00e4rz bis Anfang Mai zieht es Tausende Pflanzenfreunde und Naturinteressierte in das 306 Hektar gro\u00dfe Naturschutzgebiet \u201eOderh\u00e4nge Mallnow\u201c als Teil des europ\u00e4ischen Schutzgebietes NATURA 2000, um sich am Bl\u00fctenzauber der goldgelben Fr\u00fchlingsadonisr\u00f6schen zu erfreuen.<\/p>\n<p>&nbsp;<\/p>\n<p>Das Naturschutzgebiet Oderh\u00e4nge bei Mallnow wurde bereits 1923 unter Schutz gestellt. An den sich durch die Strahlen der Fr\u00fchlingssonne schnell erw\u00e4rmenden kalkhaltigen, lehmartigen S\u00fcd- und Osth\u00e4ngen entwickelte sich nach dem Abschmelzen der eiszeitlichen Gletscher eine einmalige Steppenvegetation.<br \/>\nDas zu den Hahnenfu\u00dfgew\u00e4chsen geh\u00f6rende Adonisr\u00f6schen stellt eine Art Paukenschlag zum Fr\u00fchlingserwachen dar. Sein Name ist sagenumwoben.<\/p>\n","protected":false},"excerpt":{"rendered":"<p>Fr\u00fchlings- Sinfonie in Goldgelb<br \/>\n&nbsp;<br \/>\nJedes Jahr von Ende M\u00e4rz bis Anfang Mai zieht es Tausende Pflanzenfreunde und Naturinteressierte in das 306 Hektar gro\u00dfe Naturschutzgebiet \u201eOderh\u00e4nge Mallnow\u201c als Teil des europ\u00e4ischen Schutzgebietes NATURA 2000, um sich am Bl\u00fctenzauber der goldgelben Fr\u00fchlingsadonisr\u00f6schen zu erfreuen.<br \/>\n&nbsp;<br \/>\nDas Naturschutzgebiet Oderh\u00e4nge bei Mallnow wurde bereits 1923 unter Schutz gestellt. An den sich durch [&#8230;]<\/p>\n","protected":false},"author":1,"featured_media":0,"parent":9,"menu_order":2,"comment_status":"closed","ping_status":"closed","template":"","meta":[],"_links":{"self":[{"href":"https:\/\/www.mallnow.de\/index.php?rest_route=\/wp\/v2\/pages\/37"}],"collection":[{"href":"https:\/\/www.mallnow.de\/index.php?rest_route=\/wp\/v2\/pages"}],"about":[{"href":"https:\/\/www.mallnow.de\/index.php?rest_route=\/wp\/v2\/types\/page"}],"author":[{"embeddable":true,"href":"https:\/\/www.mallnow.de\/index.php?rest_route=\/wp\/v2\/users\/1"}],"replies":[{"embeddable":true,"href":"https:\/\/www.mallnow.de\/index.php?rest_route=%2Fwp%2Fv2%2Fcomments&post=37"}],"version-history":[{"count":7,"href":"https:\/\/www.mallnow.de\/index.php?rest_route=\/wp\/v2\/pages\/37\/revisions"}],"predecessor-version":[{"id":1352,"href":"https:\/\/www.mallnow.de\/index.php?rest_route=\/wp\/v2\/pages\/37\/revisions\/1352"}],"up":[{"embeddable":true,"href":"https:\/\/www.mallnow.de\/index.php?rest_route=\/wp\/v2\/pages\/9"}],"wp:attachment":[{"href":"https:\/\/www.mallnow.de\/index.php?rest_route=%2Fwp%2Fv2%2Fmedia&parent=37"}],"curies":[{"name":"wp","href":"https:\/\/api.w.org\/{rel}","templated":true}]}}