{"id":39,"date":"2012-02-21T18:02:29","date_gmt":"2012-02-21T17:02:29","guid":{"rendered":"http:\/\/mallnow.de\/wordpress\/?page_id=39"},"modified":"2022-11-24T18:51:17","modified_gmt":"2022-11-24T17:51:17","slug":"bluhkalender","status":"publish","type":"page","link":"https:\/\/www.mallnow.de\/?page_id=39","title":{"rendered":"Bl\u00fchkalender"},"content":{"rendered":"<table style=\"height: 92px;\" width=\"565\">\n<tbody>\n<tr>\n<td>\n<h2>Der Bl\u00fctezeit- Kalender<\/h2>\n<\/td>\n<\/tr>\n<tr>\n<td>Hier erfahren Sie wann und welche Pflanzen Sie bei einem Spaziergang in den Mallnower Bergen bewundern k\u00f6nnen.<\/td>\n<\/tr>\n<tr>\n<td>\n<table style=\"text-align: center;\" border=\"1\">\n<tbody>\n<tr>\n<td>Pflanze<\/td>\n<td>Bl\u00fctezeit<\/td>\n<td>Rote Liste<\/td>\n<\/tr>\n<tr>\n<td><img decoding=\"async\" loading=\"lazy\" class=\"wp-image-1905 alignleft\" src=\"https:\/\/www.mallnow.de\/wp-content\/uploads\/2021\/03\/erste2021.jpg\" alt=\"\" width=\"289\" height=\"259\" srcset=\"https:\/\/www.mallnow.de\/wp-content\/uploads\/2021\/03\/erste2021.jpg 570w, https:\/\/www.mallnow.de\/wp-content\/uploads\/2021\/03\/erste2021-300x269.jpg 300w\" sizes=\"(max-width: 289px) 100vw, 289px\" \/><\/td>\n<td>\n<h3>April- Mai<\/h3>\n<\/td>\n<td>\n<h3>Ja<\/h3>\n<\/td>\n<\/tr>\n<tr>\n<td>\n<p><div id=\"attachment_1326\" style=\"width: 301px\" class=\"wp-caption alignnone\"><a href=\"http:\/\/www.mallnow.de\/wp-content\/uploads\/2012\/02\/Wiesen-Schl\u00fcsselblume-001.jpg\" class=\"broken_link\"><img aria-describedby=\"caption-attachment-1326\" decoding=\"async\" loading=\"lazy\" class=\"size-medium wp-image-1326\" src=\"http:\/\/www.mallnow.de\/wp-content\/uploads\/2012\/02\/Wiesen-Schl\u00fcsselblume-001-291x300.jpg\" alt=\"Wiesen Schl\u00fcsselblume \" width=\"291\" height=\"300\" srcset=\"https:\/\/www.mallnow.de\/wp-content\/uploads\/2012\/02\/Wiesen-Schl\u00fcsselblume-001-291x300.jpg 291w, https:\/\/www.mallnow.de\/wp-content\/uploads\/2012\/02\/Wiesen-Schl\u00fcsselblume-001-993x1024.jpg 993w, https:\/\/www.mallnow.de\/wp-content\/uploads\/2012\/02\/Wiesen-Schl\u00fcsselblume-001.jpg 1649w\" sizes=\"(max-width: 291px) 100vw, 291px\" \/><\/a><p id=\"caption-attachment-1326\" class=\"wp-caption-text\">Wiesen Schl\u00fcsselblume -Primula veris-<\/p><\/div><\/td>\n<td>\n<h3>April &#8211; Mai<\/h3>\n<\/td>\n<td>\n<h3>Nein<\/h3>\n<\/td>\n<\/tr>\n<tr>\n<td>\n<p><div id=\"attachment_1325\" style=\"width: 311px\" class=\"wp-caption alignnone\"><a href=\"http:\/\/www.mallnow.de\/wp-content\/uploads\/2012\/02\/gro\u00dfes-Windr\u00f6schen-Anemone-001.jpg\" class=\"broken_link\"><img aria-describedby=\"caption-attachment-1325\" decoding=\"async\" loading=\"lazy\" class=\" wp-image-1325\" src=\"http:\/\/www.mallnow.de\/wp-content\/uploads\/2012\/02\/gro\u00dfes-Windr\u00f6schen-Anemone-001-300x216.jpg\" alt=\"Gro\u00dfes Windr\u00f6schen \" width=\"301\" height=\"217\" srcset=\"https:\/\/www.mallnow.de\/wp-content\/uploads\/2012\/02\/gro\u00dfes-Windr\u00f6schen-Anemone-001-300x216.jpg 300w, https:\/\/www.mallnow.de\/wp-content\/uploads\/2012\/02\/gro\u00dfes-Windr\u00f6schen-Anemone-001-1024x739.jpg 1024w, https:\/\/www.mallnow.de\/wp-content\/uploads\/2012\/02\/gro\u00dfes-Windr\u00f6schen-Anemone-001.jpg 1744w\" sizes=\"(max-width: 301px) 100vw, 301px\" \/><\/a><p id=\"caption-attachment-1325\" class=\"wp-caption-text\">Gro\u00dfes Windr\u00f6schen -Anemone sylvestris-<\/p><\/div><\/td>\n<td>\n<h3>Mai &#8211; August<\/h3>\n<\/td>\n<td>\n<h3>Ja<\/h3>\n<\/td>\n<\/tr>\n<tr>\n<td>\n<p><div id=\"attachment_294\" style=\"width: 310px\" class=\"wp-caption alignnone\"><a href=\"http:\/\/www.mallnow.de\/wp-content\/uploads\/2012\/02\/12914470_Oestereichischer-Lein.jpg\"><img aria-describedby=\"caption-attachment-294\" decoding=\"async\" loading=\"lazy\" class=\"size-medium wp-image-294\" src=\"http:\/\/www.mallnow.de\/wp-content\/uploads\/2012\/02\/12914470_Oestereichischer-Lein-300x184.jpg\" alt=\"\u00d6sterreich-Lein -Linum austriacum-\" width=\"300\" height=\"184\" srcset=\"https:\/\/www.mallnow.de\/wp-content\/uploads\/2012\/02\/12914470_Oestereichischer-Lein-300x184.jpg 300w, https:\/\/www.mallnow.de\/wp-content\/uploads\/2012\/02\/12914470_Oestereichischer-Lein.jpg 980w\" sizes=\"(max-width: 300px) 100vw, 300px\" \/><\/a><p id=\"caption-attachment-294\" class=\"wp-caption-text\">\u00d6sterreich-Lein -Linum austriacum-<\/p><\/div><\/td>\n<td>\n<h3>Mai &#8211; Juli<\/h3>\n<\/td>\n<td>\n<h3>Nein<\/h3>\n<\/td>\n<\/tr>\n<tr>\n<td>\n<p><div id=\"attachment_1323\" style=\"width: 310px\" class=\"wp-caption alignnone\"><a href=\"http:\/\/www.mallnow.de\/wp-content\/uploads\/2012\/02\/Bittere-Kreuzblume_wei\u00df-001.jpg\" class=\"broken_link\"><img aria-describedby=\"caption-attachment-1323\" decoding=\"async\" loading=\"lazy\" class=\"size-medium wp-image-1323\" src=\"http:\/\/www.mallnow.de\/wp-content\/uploads\/2012\/02\/Bittere-Kreuzblume_wei\u00df-001-300x256.jpg\" alt=\"Bittere Kreuzblume -Polygala amara-m\u00f6gliche Farben blau &amp; wei\u00df\" width=\"300\" height=\"256\" srcset=\"https:\/\/www.mallnow.de\/wp-content\/uploads\/2012\/02\/Bittere-Kreuzblume_wei\u00df-001-300x256.jpg 300w, https:\/\/www.mallnow.de\/wp-content\/uploads\/2012\/02\/Bittere-Kreuzblume_wei\u00df-001-1024x875.jpg 1024w, https:\/\/www.mallnow.de\/wp-content\/uploads\/2012\/02\/Bittere-Kreuzblume_wei\u00df-001.jpg 1420w\" sizes=\"(max-width: 300px) 100vw, 300px\" \/><\/a><p id=\"caption-attachment-1323\" class=\"wp-caption-text\">Bittere Kreuzblume -Polygala amara-m\u00f6gliche Farben blau &amp; wei\u00df<\/p><\/div><\/td>\n<td>\n<h3>April &#8211; August<\/h3>\n<\/td>\n<td>\n<h3>Ja<\/h3>\n<\/td>\n<\/tr>\n<tr>\n<td>\n<p><div id=\"attachment_1321\" style=\"width: 298px\" class=\"wp-caption alignnone\"><a href=\"http:\/\/www.mallnow.de\/wp-content\/uploads\/2012\/02\/18428595_M\u00e4des\u00fcss.jpg\" class=\"broken_link\"><img aria-describedby=\"caption-attachment-1321\" decoding=\"async\" loading=\"lazy\" class=\"size-medium wp-image-1321\" src=\"http:\/\/www.mallnow.de\/wp-content\/uploads\/2012\/02\/18428595_M\u00e4des\u00fcss-288x300.jpg\" alt=\"Gro\u00dfes M\u00e4des\u00fc\u00df -Filipendula ulmaria-    \" width=\"288\" height=\"300\" srcset=\"https:\/\/www.mallnow.de\/wp-content\/uploads\/2012\/02\/18428595_M\u00e4des\u00fcss-288x300.jpg 288w, https:\/\/www.mallnow.de\/wp-content\/uploads\/2012\/02\/18428595_M\u00e4des\u00fcss.jpg 594w\" sizes=\"(max-width: 288px) 100vw, 288px\" \/><\/a><p id=\"caption-attachment-1321\" class=\"wp-caption-text\">Gro\u00dfes M\u00e4des\u00fc\u00df -Filipendula ulmaria-<\/p><\/div><\/td>\n<td>\n<h3>Juni \u2013 August<\/h3>\n<\/td>\n<td>\n<h3>Nein<\/h3>\n<\/td>\n<\/tr>\n<tr>\n<td>\n<p><div id=\"attachment_297\" style=\"width: 310px\" class=\"wp-caption alignnone\"><a href=\"http:\/\/www.mallnow.de\/wp-content\/uploads\/2012\/02\/Wiesensalbei.jpg\"><img aria-describedby=\"caption-attachment-297\" decoding=\"async\" loading=\"lazy\" class=\"size-medium wp-image-297\" src=\"http:\/\/www.mallnow.de\/wp-content\/uploads\/2012\/02\/Wiesensalbei-300x229.jpg\" alt=\"Wiesensalbei -Salvia pratensis- (blau\/wei\u00df)\" width=\"300\" height=\"229\" srcset=\"https:\/\/www.mallnow.de\/wp-content\/uploads\/2012\/02\/Wiesensalbei-300x229.jpg 300w, https:\/\/www.mallnow.de\/wp-content\/uploads\/2012\/02\/Wiesensalbei-1024x783.jpg 1024w, https:\/\/www.mallnow.de\/wp-content\/uploads\/2012\/02\/Wiesensalbei.jpg 1943w\" sizes=\"(max-width: 300px) 100vw, 300px\" \/><\/a><p id=\"caption-attachment-297\" class=\"wp-caption-text\">Wiesensalbei -Salvia pratensis- (blau\/wei\u00df)<\/p><\/div><\/td>\n<td>\n<h3>April &#8211; Juni<\/h3>\n<\/td>\n<td>\n<h3>Nein<\/h3>\n<\/td>\n<\/tr>\n<tr>\n<td>\n<p><div id=\"attachment_301\" style=\"width: 233px\" class=\"wp-caption alignnone\"><a href=\"http:\/\/www.mallnow.de\/wp-content\/uploads\/2012\/02\/Sibirische-Glockenblume-001.jpg\"><img aria-describedby=\"caption-attachment-301\" decoding=\"async\" loading=\"lazy\" class=\"wp-image-301 size-medium\" src=\"http:\/\/www.mallnow.de\/wp-content\/uploads\/2012\/02\/Sibirische-Glockenblume-001-223x300.jpg\" alt=\"Sibirische Glockenblume \" width=\"223\" height=\"300\" srcset=\"https:\/\/www.mallnow.de\/wp-content\/uploads\/2012\/02\/Sibirische-Glockenblume-001-223x300.jpg 223w, https:\/\/www.mallnow.de\/wp-content\/uploads\/2012\/02\/Sibirische-Glockenblume-001-762x1024.jpg 762w, https:\/\/www.mallnow.de\/wp-content\/uploads\/2012\/02\/Sibirische-Glockenblume-001.jpg 1440w\" sizes=\"(max-width: 223px) 100vw, 223px\" \/><\/a><p id=\"caption-attachment-301\" class=\"wp-caption-text\">Sibirische Glockenblume -Campanula sibirica-<\/p><\/div><\/td>\n<td>\n<h3>Juni &#8211; September<\/h3>\n<\/td>\n<td>\n<h3>Nein<\/h3>\n<\/td>\n<\/tr>\n<tr>\n<td>\n<p><div id=\"attachment_1324\" style=\"width: 273px\" class=\"wp-caption alignnone\"><a href=\"http:\/\/www.mallnow.de\/wp-content\/uploads\/2012\/02\/Gro\u00dfbl\u00fctige-Braunelle-001.jpg\" class=\"broken_link\"><img aria-describedby=\"caption-attachment-1324\" decoding=\"async\" loading=\"lazy\" class=\"size-medium wp-image-1324\" src=\"http:\/\/www.mallnow.de\/wp-content\/uploads\/2012\/02\/Gro\u00dfbl\u00fctige-Braunelle-001-263x300.jpg\" alt=\"Gro\u00dfbl\u00fctige Braunelle -Prunella grandblora-\" width=\"263\" height=\"300\" srcset=\"https:\/\/www.mallnow.de\/wp-content\/uploads\/2012\/02\/Gro\u00dfbl\u00fctige-Braunelle-001-263x300.jpg 263w, https:\/\/www.mallnow.de\/wp-content\/uploads\/2012\/02\/Gro\u00dfbl\u00fctige-Braunelle-001-896x1024.jpg 896w\" sizes=\"(max-width: 263px) 100vw, 263px\" \/><\/a><p id=\"caption-attachment-1324\" class=\"wp-caption-text\">Gro\u00dfbl\u00fctige Braunelle -Prunella grandblora-<\/p><\/div><\/td>\n<td>\n<h3>Juli &#8211; August<\/h3>\n<\/td>\n<td>\n<h3>Ja<\/h3>\n<\/td>\n<\/tr>\n<tr>\n<td>\n<p><div id=\"attachment_303\" style=\"width: 180px\" class=\"wp-caption alignnone\"><a href=\"http:\/\/www.mallnow.de\/wp-content\/uploads\/2012\/02\/PseudolysimachionSpicatum.jpg\"><img aria-describedby=\"caption-attachment-303\" decoding=\"async\" loading=\"lazy\" class=\"size-medium wp-image-303\" src=\"http:\/\/www.mallnow.de\/wp-content\/uploads\/2012\/02\/PseudolysimachionSpicatum-170x300.jpg\" alt=\"\u00c4hriger Blauweiderich -Pseudolysimachion spicatum-\" width=\"170\" height=\"300\" srcset=\"https:\/\/www.mallnow.de\/wp-content\/uploads\/2012\/02\/PseudolysimachionSpicatum-170x300.jpg 170w, https:\/\/www.mallnow.de\/wp-content\/uploads\/2012\/02\/PseudolysimachionSpicatum-580x1024.jpg 580w, https:\/\/www.mallnow.de\/wp-content\/uploads\/2012\/02\/PseudolysimachionSpicatum.jpg 1296w\" sizes=\"(max-width: 170px) 100vw, 170px\" \/><\/a><p id=\"caption-attachment-303\" class=\"wp-caption-text\">\u00c4hriger Blauweiderich -Pseudolysimachion spicatum-<\/p><\/div><\/td>\n<td>\n<h3>Mai &#8211; August<\/h3>\n<\/td>\n<td>\n<h3>Nein<\/h3>\n<\/td>\n<\/tr>\n<tr>\n<td>\n<p><div id=\"attachment_311\" style=\"width: 212px\" class=\"wp-caption alignnone\"><a href=\"http:\/\/www.mallnow.de\/wp-content\/uploads\/2012\/02\/10888030_Zittergras.jpg\"><img aria-describedby=\"caption-attachment-311\" decoding=\"async\" loading=\"lazy\" class=\"size-medium wp-image-311\" src=\"http:\/\/www.mallnow.de\/wp-content\/uploads\/2012\/02\/10888030_Zittergras-202x300.jpg\" alt=\"Zittergras -Briza media-\" width=\"202\" height=\"300\" srcset=\"https:\/\/www.mallnow.de\/wp-content\/uploads\/2012\/02\/10888030_Zittergras-202x300.jpg 202w, https:\/\/www.mallnow.de\/wp-content\/uploads\/2012\/02\/10888030_Zittergras.jpg 620w\" sizes=\"(max-width: 202px) 100vw, 202px\" \/><\/a><p id=\"caption-attachment-311\" class=\"wp-caption-text\">Zittergras -Briza media-<\/p><\/div><\/td>\n<td>\n<h3>Juni &#8211; August<\/h3>\n<\/td>\n<td>\n<h3>Ja<\/h3>\n<\/td>\n<\/tr>\n<tr>\n<td>\n<p><div id=\"attachment_306\" style=\"width: 210px\" class=\"wp-caption alignnone\"><a href=\"http:\/\/www.mallnow.de\/wp-content\/uploads\/2012\/02\/Potentilla_arenaria-Darmstadt-2009-Thomas_Huntke.jpg\"><img aria-describedby=\"caption-attachment-306\" decoding=\"async\" loading=\"lazy\" class=\"size-medium wp-image-306\" src=\"http:\/\/www.mallnow.de\/wp-content\/uploads\/2012\/02\/Potentilla_arenaria-Darmstadt-2009-Thomas_Huntke-200x300.jpg\" alt=\"Sand- Fingerkraut -Potentilla incana-\" width=\"200\" height=\"300\" srcset=\"https:\/\/www.mallnow.de\/wp-content\/uploads\/2012\/02\/Potentilla_arenaria-Darmstadt-2009-Thomas_Huntke-200x300.jpg 200w, https:\/\/www.mallnow.de\/wp-content\/uploads\/2012\/02\/Potentilla_arenaria-Darmstadt-2009-Thomas_Huntke.jpg 667w\" sizes=\"(max-width: 200px) 100vw, 200px\" \/><\/a><p id=\"caption-attachment-306\" class=\"wp-caption-text\">Sand- Fingerkraut -Potentilla incana-<\/p><\/div><\/td>\n<td>\n<h3>Juni &#8211; Oktober<\/h3>\n<\/td>\n<td>\n<h3>Ja<\/h3>\n<\/td>\n<\/tr>\n<tr>\n<td>\n<p><div id=\"attachment_1322\" style=\"width: 220px\" class=\"wp-caption alignnone\"><a href=\"http:\/\/www.mallnow.de\/wp-content\/uploads\/2012\/02\/24976019_Gemeines-Sonnenr\u00f6schen.jpg\" class=\"broken_link\"><img aria-describedby=\"caption-attachment-1322\" decoding=\"async\" loading=\"lazy\" class=\"size-medium wp-image-1322\" src=\"http:\/\/www.mallnow.de\/wp-content\/uploads\/2012\/02\/24976019_Gemeines-Sonnenr\u00f6schen-210x300.jpg\" alt=\"Gemeines Sonnenr\u00f6schen -Heli\u00e1nthemum nummul\u00e1rium-\" width=\"210\" height=\"300\" srcset=\"https:\/\/www.mallnow.de\/wp-content\/uploads\/2012\/02\/24976019_Gemeines-Sonnenr\u00f6schen-210x300.jpg 210w, https:\/\/www.mallnow.de\/wp-content\/uploads\/2012\/02\/24976019_Gemeines-Sonnenr\u00f6schen.jpg 701w\" sizes=\"(max-width: 210px) 100vw, 210px\" \/><\/a><p id=\"caption-attachment-1322\" class=\"wp-caption-text\">Gemeines Sonnenr\u00f6schen -Heli\u00e1nthemum nummul\u00e1rium-<\/p><\/div><\/td>\n<td>\n<h3>April &#8211; Mai<\/h3>\n<\/td>\n<td>\n<h3>Ja<\/h3>\n<\/td>\n<\/tr>\n<tr>\n<td>\n<p><div id=\"attachment_307\" style=\"width: 184px\" class=\"wp-caption alignnone\"><a href=\"http:\/\/www.mallnow.de\/wp-content\/uploads\/2012\/02\/24652418Traubige-Graslilie.jpg\"><img aria-describedby=\"caption-attachment-307\" decoding=\"async\" loading=\"lazy\" class=\"size-medium wp-image-307\" src=\"http:\/\/www.mallnow.de\/wp-content\/uploads\/2012\/02\/24652418Traubige-Graslilie-174x300.jpg\" alt=\"Traubige Graslilie -Anthericum liliago-\" width=\"174\" height=\"300\" srcset=\"https:\/\/www.mallnow.de\/wp-content\/uploads\/2012\/02\/24652418Traubige-Graslilie-174x300.jpg 174w, https:\/\/www.mallnow.de\/wp-content\/uploads\/2012\/02\/24652418Traubige-Graslilie.jpg 539w\" sizes=\"(max-width: 174px) 100vw, 174px\" \/><\/a><p id=\"caption-attachment-307\" class=\"wp-caption-text\">Traubige Graslilie -Anthericum liliago-<\/p><\/div><\/td>\n<td>\n<h3>Mai &#8211; Juni<\/h3>\n<\/td>\n<td>\n<h3>Ja<\/h3>\n<\/td>\n<\/tr>\n<\/tbody>\n<\/table>\n<\/td>\n<\/tr>\n<\/tbody>\n<\/table>\n","protected":false},"excerpt":{"rendered":"<p>Der Bl\u00fctezeit- Kalender<\/p>\n<p>Hier erfahren Sie wann und welche Pflanzen Sie bei einem Spaziergang in den Mallnower Bergen bewundern k\u00f6nnen.<\/p>\n<p>Pflanze<br \/>\nBl\u00fctezeit<br \/>\nRote Liste<\/p>\n<p>April- Mai<\/p>\n<p>Ja<\/p>\n<p>Wiesen Schl\u00fcsselblume -Primula veris-<\/p>\n<p>April &#8211; Mai<\/p>\n<p>Nein<\/p>\n<p>Gro\u00dfes Windr\u00f6schen -Anemone sylvestris-<\/p>\n<p>Mai &#8211; August<\/p>\n<p>Ja<\/p>\n<p>\u00d6sterreich-Lein -Linum austriacum-<\/p>\n<p>Mai &#8211; Juli<\/p>\n<p>Nein<\/p>\n<p>Bittere Kreuzblume -Polygala amara-m\u00f6gliche Farben blau &amp; wei\u00df<\/p>\n<p>April &#8211; August<\/p>\n<p>Ja<\/p>\n<p>Gro\u00dfes M\u00e4des\u00fc\u00df -Filipendula ulmaria-<\/p>\n<p>Juni \u2013 August<\/p>\n<p>Nein<\/p>\n<p>Wiesensalbei -Salvia pratensis- (blau\/wei\u00df)<\/p>\n<p>April &#8211; Juni<\/p>\n<p>Nein<\/p>\n<p>Sibirische Glockenblume [&#8230;]<\/p>\n","protected":false},"author":1,"featured_media":0,"parent":9,"menu_order":3,"comment_status":"closed","ping_status":"closed","template":"","meta":[],"_links":{"self":[{"href":"https:\/\/www.mallnow.de\/index.php?rest_route=\/wp\/v2\/pages\/39"}],"collection":[{"href":"https:\/\/www.mallnow.de\/index.php?rest_route=\/wp\/v2\/pages"}],"about":[{"href":"https:\/\/www.mallnow.de\/index.php?rest_route=\/wp\/v2\/types\/page"}],"author":[{"embeddable":true,"href":"https:\/\/www.mallnow.de\/index.php?rest_route=\/wp\/v2\/users\/1"}],"replies":[{"embeddable":true,"href":"https:\/\/www.mallnow.de\/index.php?rest_route=%2Fwp%2Fv2%2Fcomments&post=39"}],"version-history":[{"count":38,"href":"https:\/\/www.mallnow.de\/index.php?rest_route=\/wp\/v2\/pages\/39\/revisions"}],"predecessor-version":[{"id":2132,"href":"https:\/\/www.mallnow.de\/index.php?rest_route=\/wp\/v2\/pages\/39\/revisions\/2132"}],"up":[{"embeddable":true,"href":"https:\/\/www.mallnow.de\/index.php?rest_route=\/wp\/v2\/pages\/9"}],"wp:attachment":[{"href":"https:\/\/www.mallnow.de\/index.php?rest_route=%2Fwp%2Fv2%2Fmedia&parent=39"}],"curies":[{"name":"wp","href":"https:\/\/api.w.org\/{rel}","templated":true}]}}