{"id":62,"date":"2012-02-21T18:10:28","date_gmt":"2012-02-21T17:10:28","guid":{"rendered":"http:\/\/mallnow.de\/wordpress\/?page_id=62"},"modified":"2026-03-31T15:39:48","modified_gmt":"2026-03-31T13:39:48","slug":"ein-wort-in-eigener-sache","status":"publish","type":"page","link":"https:\/\/www.mallnow.de\/?page_id=62","title":{"rendered":"Ein Wort in eigener Sache"},"content":{"rendered":"<h2>Ein Wort in eigener Sache:<\/h2>\n<p style=\"text-align: left;\">Die Mallnower B\u00fcrgerinnen und B\u00fcrger befinden sich jedes Jahr im Fr\u00fchling in einer Art \u201eAdonisr\u00f6schenfieber\u201c. Vieles muss vorbereitet, repariert, neu angelegt und organisiert werden. Wir Mallnower tun das gern, freuen uns auf unsere G\u00e4ste und hei\u00dfen Sie herzlich willkommen. Die Unterhaltung des Wandergebietes selbst ist mit hohem, auch finanziellen Aufwand verbunden. Deshalb bitten wir unsere G\u00e4ste um einen freiwilligen, selbst zu bestimmenden finanziellen Beitrag. Der Dorfentwicklungsverein \u201eMalnowe\u201c e. V. hat am Anfangs- und Endpunkt der Wanderung K\u00e4sten f\u00fcr Ihre Spenden aufgestellt. Um Missbrauch vorzubeugen, werden diese t\u00e4glich geleert.<\/p>\n<p><strong>Vielen Dank f\u00fcr Ihre freundliche Unterst\u00fctzung!<\/strong><\/p>\n","protected":false},"excerpt":{"rendered":"<p>Ein Wort in eigener Sache:<br \/>\nDie Mallnower B\u00fcrgerinnen und B\u00fcrger befinden sich jedes Jahr im Fr\u00fchling in einer Art \u201eAdonisr\u00f6schenfieber\u201c. Vieles muss vorbereitet, repariert, neu angelegt und organisiert werden. Wir Mallnower tun das gern, freuen uns auf unsere G\u00e4ste und hei\u00dfen Sie herzlich willkommen. Die Unterhaltung des Wandergebietes selbst ist mit hohem, auch finanziellen Aufwand verbunden. [&#8230;]<\/p>\n","protected":false},"author":1,"featured_media":0,"parent":11,"menu_order":11,"comment_status":"closed","ping_status":"closed","template":"","meta":[],"_links":{"self":[{"href":"https:\/\/www.mallnow.de\/index.php?rest_route=\/wp\/v2\/pages\/62"}],"collection":[{"href":"https:\/\/www.mallnow.de\/index.php?rest_route=\/wp\/v2\/pages"}],"about":[{"href":"https:\/\/www.mallnow.de\/index.php?rest_route=\/wp\/v2\/types\/page"}],"author":[{"embeddable":true,"href":"https:\/\/www.mallnow.de\/index.php?rest_route=\/wp\/v2\/users\/1"}],"replies":[{"embeddable":true,"href":"https:\/\/www.mallnow.de\/index.php?rest_route=%2Fwp%2Fv2%2Fcomments&post=62"}],"version-history":[{"count":8,"href":"https:\/\/www.mallnow.de\/index.php?rest_route=\/wp\/v2\/pages\/62\/revisions"}],"predecessor-version":[{"id":2699,"href":"https:\/\/www.mallnow.de\/index.php?rest_route=\/wp\/v2\/pages\/62\/revisions\/2699"}],"up":[{"embeddable":true,"href":"https:\/\/www.mallnow.de\/index.php?rest_route=\/wp\/v2\/pages\/11"}],"wp:attachment":[{"href":"https:\/\/www.mallnow.de\/index.php?rest_route=%2Fwp%2Fv2%2Fmedia&parent=62"}],"curies":[{"name":"wp","href":"https:\/\/api.w.org\/{rel}","templated":true}]}}